{"id":2498,"date":"2024-12-19T14:45:00","date_gmt":"2024-12-19T12:45:00","guid":{"rendered":"https:\/\/cosmoflag.com\/?post_type=product&#038;p=2498"},"modified":"2025-08-12T21:20:36","modified_gmt":"2025-08-12T19:20:36","slug":"bandeira-da-cidade-do-vaticano","status":"publish","type":"product","link":"https:\/\/cosmoflag.com\/pt\/produto\/bandeira-da-cidade-do-vaticano\/","title":{"rendered":"Bandeira da Cidade do Vaticano"},"content":{"rendered":"<h3><strong>Carater\u00edsticas da bandeira da Cidade do Vaticano<\/strong><\/h3>\n<p>A nossa bandeira da Cidade do Vaticano \u00e9 fabricada em poli\u00e9ster de primeira qualidade, garantindo durabilidade para uma utiliza\u00e7\u00e3o duradoura no interior e no exterior. Inclui ilh\u00f3s met\u00e1licos para uma instala\u00e7\u00e3o f\u00e1cil e uma fixa\u00e7\u00e3o segura, mesmo em condi\u00e7\u00f5es climat\u00e9ricas adversas. Com uma dimens\u00e3o de 90 x 150 cm\/35 x 59 polegadas, esta bandeira garante uma excelente visibilidade para postes, paredes ou celebra\u00e7\u00f5es religiosas.<\/p>\n<h3><strong>Um s\u00edmbolo de f\u00e9 e soberania<\/strong><\/h3>\n<p>A bandeira da Cidade do Vaticano, adoptada oficialmente em 1929, apresenta duas faixas verticais de amarelo e branco. O lado branco inclui as chaves cruzadas de S\u00e3o Pedro e a Tiara Papal, que simbolizam a autoridade do papado e da Igreja Cat\u00f3lica. O amarelo significa o poder espiritual, enquanto o branco simboliza a pureza e a f\u00e9. Este desenho sagrado reflecte a identidade \u00fanica do Vaticano, o mais pequeno Estado independente do mundo.<\/p>\n<h3><strong>Versatilidade de utiliza\u00e7\u00e3o<\/strong><\/h3>\n<p>Perfeita para eventos religiosos, celebra\u00e7\u00f5es culturais, fins educativos ou como parte de uma cole\u00e7\u00e3o pessoal, a bandeira da Cidade do Vaticano \u00e9 uma representa\u00e7\u00e3o significativa da f\u00e9 e da tradi\u00e7\u00e3o. O seu design robusto e as cores resistentes ao desbotamento garantem que mant\u00e9m o seu significado simb\u00f3lico e impacto visual ao longo do tempo.<\/p>","protected":false},"excerpt":{"rendered":"<p>Bandeira de 150 x 90 cm com 2 ilh\u00f3s met\u00e1licos robustos para pendurar com seguran\u00e7a.<\/p>","protected":false},"featured_media":1748,"comment_status":"open","ping_status":"closed","template":"","meta":{"_gspb_post_css":"","iawp_total_views":10},"product_brand":[],"product_cat":[65,58],"product_tag":[],"class_list":{"0":"post-2498","1":"product","2":"type-product","3":"status-publish","4":"has-post-thumbnail","6":"product_cat-europe-flags","7":"product_cat-country-flags","9":"first","10":"instock","11":"sale","12":"shipping-taxable","13":"purchasable","14":"product-type-simple"},"_links":{"self":[{"href":"https:\/\/cosmoflag.com\/pt\/wp-json\/wp\/v2\/product\/2498","targetHints":{"allow":["GET"]}}],"collection":[{"href":"https:\/\/cosmoflag.com\/pt\/wp-json\/wp\/v2\/product"}],"about":[{"href":"https:\/\/cosmoflag.com\/pt\/wp-json\/wp\/v2\/types\/product"}],"replies":[{"embeddable":true,"href":"https:\/\/cosmoflag.com\/pt\/wp-json\/wp\/v2\/comments?post=2498"}],"wp:featuredmedia":[{"embeddable":true,"href":"https:\/\/cosmoflag.com\/pt\/wp-json\/wp\/v2\/media\/1748"}],"wp:attachment":[{"href":"https:\/\/cosmoflag.com\/pt\/wp-json\/wp\/v2\/media?parent=2498"}],"wp:term":[{"taxonomy":"product_brand","embeddable":true,"href":"https:\/\/cosmoflag.com\/pt\/wp-json\/wp\/v2\/product_brand?post=2498"},{"taxonomy":"product_cat","embeddable":true,"href":"https:\/\/cosmoflag.com\/pt\/wp-json\/wp\/v2\/product_cat?post=2498"},{"taxonomy":"product_tag","embeddable":true,"href":"https:\/\/cosmoflag.com\/pt\/wp-json\/wp\/v2\/product_tag?post=2498"}],"curies":[{"name":"wp","href":"https:\/\/api.w.org\/{rel}","templated":true}]}}

<h3><strong>Caraterísticas da bandeira da Cidade do Vaticano</strong></h3>
<p>A nossa bandeira da Cidade do Vaticano é fabricada em poliéster de primeira qualidade, garantindo durabilidade para uma utilização duradoura no interior e no exterior. Inclui ilhós metálicos para uma instalação fácil e uma fixação segura, mesmo em condições climatéricas adversas. Com uma dimensão de 90 x 150 cm/35 x 59 polegadas, esta bandeira garante uma excelente visibilidade para postes, paredes ou celebrações religiosas.</p>
<h3><strong>Um símbolo de fé e soberania</strong></h3>
<p>A bandeira da Cidade do Vaticano, adoptada oficialmente em 1929, apresenta duas faixas verticais de amarelo e branco. O lado branco inclui as chaves cruzadas de São Pedro e a Tiara Papal, que simbolizam a autoridade do papado e da Igreja Católica. O amarelo significa o poder espiritual, enquanto o branco simboliza a pureza e a fé. Este desenho sagrado reflecte a identidade única do Vaticano, o mais pequeno Estado independente do mundo.</p>
<h3><strong>Versatilidade de utilização</strong></h3>
<p>Perfeita para eventos religiosos, celebrações culturais, fins educativos ou como parte de uma coleção pessoal, a bandeira da Cidade do Vaticano é uma representação significativa da fé e da tradição. O seu design robusto e as cores resistentes ao desbotamento garantem que mantém o seu significado simbólico e impacto visual ao longo do tempo.</p>

<p>Bandeira de 150 x 90 cm com 2 ilhós metálicos robustos para pendurar com segurança.</p>
