{"id":2395,"date":"2024-12-15T20:09:00","date_gmt":"2024-12-15T18:09:00","guid":{"rendered":"https:\/\/cosmoflag.com\/?post_type=product&#038;p=2395"},"modified":"2025-11-30T23:47:05","modified_gmt":"2025-11-30T21:47:05","slug":"bandeira-da-servia","status":"publish","type":"product","link":"https:\/\/cosmoflag.com\/pt\/produto\/bandeira-da-servia\/","title":{"rendered":"Bandeira da S\u00e9rvia"},"content":{"rendered":"<h3>Carater\u00edsticas da bandeira s\u00e9rvia com a \u00e1guia de duas cabe\u00e7as<\/h3>\n<p>A nossa bandeira da S\u00e9rvia com a \u00e1guia de duas cabe\u00e7as de Nemanji\u0107 \u00e9 feita de poli\u00e9ster de alta qualidade, o que a torna ideal para uma utiliza\u00e7\u00e3o duradoura, quer no interior quer no exterior. Possui ilh\u00f3s met\u00e1licos que facilitam a instala\u00e7\u00e3o e garantem que permanece no lugar, mesmo em condi\u00e7\u00f5es climat\u00e9ricas adversas. Dispon\u00edvel em 90 x 150 cm\/35 x 59 polegadas para uma visibilidade m\u00e1xima, a nossa bandeira responde a uma variedade de necessidades, quer a queira expor num mastro ou numa parede.<\/p>\n<h3>Um s\u00edmbolo nacional repleto de hist\u00f3ria e significado<\/h3>\n<p>A bandeira da S\u00e9rvia apresenta tr\u00eas riscas horizontais de vermelho, azul e branco, com uma \u00e1guia negra de duas cabe\u00e7as no centro. Esta \u00e1guia, um s\u00edmbolo herdado dos Nemanji\u0107, a dinastia s\u00e9rvia medieval, representa a soberania e o poder do Estado s\u00e9rvio. As cores da bandeira - vermelho, azul e branco - s\u00e3o as cores eslavas tradicionais, com o vermelho a simbolizar o sangue derramado pela liberdade, o azul o c\u00e9u s\u00e9rvio e o branco a pureza e a paz. A \u00e1guia de duas cabe\u00e7as acrescenta uma dimens\u00e3o de continuidade hist\u00f3rica e de respeito pela tradi\u00e7\u00e3o.<\/p>\n<h3>Versatilidade de utiliza\u00e7\u00e3o<\/h3>\n<p>Quer seja para celebra\u00e7\u00f5es nacionais, eventos desportivos, eventos culturais ou fins educativos, a bandeira s\u00e9rvia com a \u00e1guia de duas cabe\u00e7as \u00e9 adequada para todas as ocasi\u00f5es. O seu design robusto e as cores resistentes ao desbotamento garantem que a bandeira mant\u00e9m o seu significado e impacto visual ao longo do tempo.<\/p>","protected":false},"excerpt":{"rendered":"<p>Bandeira de 150 x 90 cm com 2 ilh\u00f3s met\u00e1licos robustos para pendurar com seguran\u00e7a.<\/p>","protected":false},"featured_media":1381,"comment_status":"open","ping_status":"closed","template":"","meta":{"_gspb_post_css":"","iawp_total_views":10},"product_brand":[],"product_cat":[65,58],"product_tag":[],"class_list":{"0":"post-2395","1":"product","2":"type-product","3":"status-publish","4":"has-post-thumbnail","6":"product_cat-europe-flags","7":"product_cat-country-flags","9":"first","10":"instock","11":"sale","12":"shipping-taxable","13":"purchasable","14":"product-type-simple"},"_links":{"self":[{"href":"https:\/\/cosmoflag.com\/pt\/wp-json\/wp\/v2\/product\/2395","targetHints":{"allow":["GET"]}}],"collection":[{"href":"https:\/\/cosmoflag.com\/pt\/wp-json\/wp\/v2\/product"}],"about":[{"href":"https:\/\/cosmoflag.com\/pt\/wp-json\/wp\/v2\/types\/product"}],"replies":[{"embeddable":true,"href":"https:\/\/cosmoflag.com\/pt\/wp-json\/wp\/v2\/comments?post=2395"}],"wp:featuredmedia":[{"embeddable":true,"href":"https:\/\/cosmoflag.com\/pt\/wp-json\/wp\/v2\/media\/1381"}],"wp:attachment":[{"href":"https:\/\/cosmoflag.com\/pt\/wp-json\/wp\/v2\/media?parent=2395"}],"wp:term":[{"taxonomy":"product_brand","embeddable":true,"href":"https:\/\/cosmoflag.com\/pt\/wp-json\/wp\/v2\/product_brand?post=2395"},{"taxonomy":"product_cat","embeddable":true,"href":"https:\/\/cosmoflag.com\/pt\/wp-json\/wp\/v2\/product_cat?post=2395"},{"taxonomy":"product_tag","embeddable":true,"href":"https:\/\/cosmoflag.com\/pt\/wp-json\/wp\/v2\/product_tag?post=2395"}],"curies":[{"name":"wp","href":"https:\/\/api.w.org\/{rel}","templated":true}]}}

Bandeira da Sérvia

<h3>Caraterísticas da bandeira sérvia com a águia de duas cabeças</h3>
<p>A nossa bandeira da Sérvia com a águia de duas cabeças de Nemanjić é feita de poliéster de alta qualidade, o que a torna ideal para uma utilização duradoura, quer no interior quer no exterior. Possui ilhós metálicos que facilitam a instalação e garantem que permanece no lugar, mesmo em condições climatéricas adversas. Disponível em 90 x 150 cm/35 x 59 polegadas para uma visibilidade máxima, a nossa bandeira responde a uma variedade de necessidades, quer a queira expor num mastro ou numa parede.</p>
<h3>Um símbolo nacional repleto de história e significado</h3>
<p>A bandeira da Sérvia apresenta três riscas horizontais de vermelho, azul e branco, com uma águia negra de duas cabeças no centro. Esta águia, um símbolo herdado dos Nemanjić, a dinastia sérvia medieval, representa a soberania e o poder do Estado sérvio. As cores da bandeira - vermelho, azul e branco - são as cores eslavas tradicionais, com o vermelho a simbolizar o sangue derramado pela liberdade, o azul o céu sérvio e o branco a pureza e a paz. A águia de duas cabeças acrescenta uma dimensão de continuidade histórica e de respeito pela tradição.</p>
<h3>Versatilidade de utilização</h3>
<p>Quer seja para celebrações nacionais, eventos desportivos, eventos culturais ou fins educativos, a bandeira sérvia com a águia de duas cabeças é adequada para todas as ocasiões. O seu design robusto e as cores resistentes ao desbotamento garantem que a bandeira mantém o seu significado e impacto visual ao longo do tempo.</p>

<p>Bandeira de 150 x 90 cm com 2 ilhós metálicos robustos para pendurar com segurança.</p>
