{"id":2400,"date":"2024-12-15T20:33:00","date_gmt":"2024-12-15T18:33:00","guid":{"rendered":"https:\/\/cosmoflag.com\/?post_type=product&#038;p=2400"},"modified":"2025-08-12T21:23:13","modified_gmt":"2025-08-12T19:23:13","slug":"flaga-irlandii","status":"publish","type":"product","link":"https:\/\/cosmoflag.com\/pl\/produkt\/flaga-irlandii\/","title":{"rendered":"Flaga Irlandii"},"content":{"rendered":"<h3>Cechy flagi irlandzkiej<\/h3>\n<p>Nasza flaga Irlandii jest wykonana z wysokiej jako\u015bci poliestru, dzi\u0119ki czemu idealnie nadaje si\u0119 do trwa\u0142ego u\u017cytku wewn\u0105trz i na zewn\u0105trz. Posiada metalowe przelotki u\u0142atwiaj\u0105ce monta\u017c i gwarantuj\u0105ce trwa\u0142o\u015b\u0107 nawet w niesprzyjaj\u0105cych warunkach pogodowych. Dost\u0119pna w rozmiarze 90 x 150 cm\/35 x 59 cali dla maksymalnej widoczno\u015bci, nasza flaga spe\u0142nia r\u00f3\u017cne potrzeby, niezale\u017cnie od tego, czy chcesz j\u0105 wyeksponowa\u0107 na maszcie, czy na \u015bcianie.<\/p>\n<h3>Symbol narodowy przesi\u0105kni\u0119ty histori\u0105<\/h3>\n<p>Flaga Irlandii, cz\u0119sto nazywana irlandzkim tr\u00f3jkolorem, sk\u0142ada si\u0119 z trzech pionowych pas\u00f3w w kolorach zielonym, bia\u0142ym i pomara\u0144czowym. Oficjalnie przyj\u0119ty w 1937 r., ale u\u017cywany od 1848 r., ka\u017cdy kolor ma siln\u0105 symbolik\u0119: zielony reprezentuje irlandzk\u0105 tradycj\u0119 gaelick\u0105, bia\u0142y symbolizuje pok\u00f3j i jedno\u015b\u0107 mi\u0119dzy Irlandczykami wszelkiego pochodzenia, a pomara\u0144czowy reprezentuje zwolennik\u00f3w Wilhelma Ora\u0144skiego. Flaga odzwierciedla z\u0142o\u017con\u0105 histori\u0119 wyspy i jej d\u0105\u017cenie do jedno\u015bci narodowej.<\/p>\n<h3>Wszechstronno\u015b\u0107 zastosowania<\/h3>\n<p>Niezale\u017cnie od tego, czy chodzi o obchody narodowe, wydarzenia sportowe, wydarzenia kulturalne czy cele edukacyjne, flaga irlandzka jest odpowiednia na ka\u017cd\u0105 okazj\u0119. Wytrzyma\u0142a konstrukcja i odporne na blakni\u0119cie kolory sprawiaj\u0105, \u017ce flaga zachowuje swoje znaczenie i efekt wizualny przez d\u0142ugi czas.<\/p>","protected":false},"excerpt":{"rendered":"<p>Flaga o wymiarach 150 x 90 cm z 2 solidnymi metalowymi przelotkami do bezpiecznego zawieszenia.<\/p>","protected":false},"featured_media":1165,"comment_status":"open","ping_status":"closed","template":"","meta":{"_gspb_post_css":"","iawp_total_views":21},"product_brand":[],"product_cat":[65,58],"product_tag":[],"class_list":{"0":"post-2400","1":"product","2":"type-product","3":"status-publish","4":"has-post-thumbnail","6":"product_cat-europe-flags","7":"product_cat-country-flags","9":"first","10":"instock","11":"sale","12":"shipping-taxable","13":"purchasable","14":"product-type-simple"},"_links":{"self":[{"href":"https:\/\/cosmoflag.com\/pl\/wp-json\/wp\/v2\/product\/2400","targetHints":{"allow":["GET"]}}],"collection":[{"href":"https:\/\/cosmoflag.com\/pl\/wp-json\/wp\/v2\/product"}],"about":[{"href":"https:\/\/cosmoflag.com\/pl\/wp-json\/wp\/v2\/types\/product"}],"replies":[{"embeddable":true,"href":"https:\/\/cosmoflag.com\/pl\/wp-json\/wp\/v2\/comments?post=2400"}],"wp:featuredmedia":[{"embeddable":true,"href":"https:\/\/cosmoflag.com\/pl\/wp-json\/wp\/v2\/media\/1165"}],"wp:attachment":[{"href":"https:\/\/cosmoflag.com\/pl\/wp-json\/wp\/v2\/media?parent=2400"}],"wp:term":[{"taxonomy":"product_brand","embeddable":true,"href":"https:\/\/cosmoflag.com\/pl\/wp-json\/wp\/v2\/product_brand?post=2400"},{"taxonomy":"product_cat","embeddable":true,"href":"https:\/\/cosmoflag.com\/pl\/wp-json\/wp\/v2\/product_cat?post=2400"},{"taxonomy":"product_tag","embeddable":true,"href":"https:\/\/cosmoflag.com\/pl\/wp-json\/wp\/v2\/product_tag?post=2400"}],"curies":[{"name":"wp","href":"https:\/\/api.w.org\/{rel}","templated":true}]}}

<h3>Cechy flagi irlandzkiej</h3>
<p>Nasza flaga Irlandii jest wykonana z wysokiej jakości poliestru, dzięki czemu idealnie nadaje się do trwałego użytku wewnątrz i na zewnątrz. Posiada metalowe przelotki ułatwiające montaż i gwarantujące trwałość nawet w niesprzyjających warunkach pogodowych. Dostępna w rozmiarze 90 x 150 cm/35 x 59 cali dla maksymalnej widoczności, nasza flaga spełnia różne potrzeby, niezależnie od tego, czy chcesz ją wyeksponować na maszcie, czy na ścianie.</p>
<h3>Symbol narodowy przesiąknięty historią</h3>
<p>Flaga Irlandii, często nazywana irlandzkim trójkolorem, składa się z trzech pionowych pasów w kolorach zielonym, białym i pomarańczowym. Oficjalnie przyjęty w 1937 r., ale używany od 1848 r., każdy kolor ma silną symbolikę: zielony reprezentuje irlandzką tradycję gaelicką, biały symbolizuje pokój i jedność między Irlandczykami wszelkiego pochodzenia, a pomarańczowy reprezentuje zwolenników Wilhelma Orańskiego. Flaga odzwierciedla złożoną historię wyspy i jej dążenie do jedności narodowej.</p>
<h3>Wszechstronność zastosowania</h3>
<p>Niezależnie od tego, czy chodzi o obchody narodowe, wydarzenia sportowe, wydarzenia kulturalne czy cele edukacyjne, flaga irlandzka jest odpowiednia na każdą okazję. Wytrzymała konstrukcja i odporne na blaknięcie kolory sprawiają, że flaga zachowuje swoje znaczenie i efekt wizualny przez długi czas.</p>
