{"id":2395,"date":"2024-12-15T20:09:00","date_gmt":"2024-12-15T18:09:00","guid":{"rendered":"https:\/\/cosmoflag.com\/?post_type=product&#038;p=2395"},"modified":"2025-11-30T23:47:05","modified_gmt":"2025-11-30T21:47:05","slug":"flaga-serbii","status":"publish","type":"product","link":"https:\/\/cosmoflag.com\/pl\/produkt\/flaga-serbii\/","title":{"rendered":"Flaga Serbii"},"content":{"rendered":"<h3>Cechy serbskiej flagi z dwug\u0142owym or\u0142em<\/h3>\n<p>Nasza flaga Serbii z dwug\u0142owym or\u0142em Nemanji\u0107 jest wykonana z wysokiej jako\u015bci poliestru, dzi\u0119ki czemu idealnie nadaje si\u0119 do d\u0142ugotrwa\u0142ego u\u017cytkowania, zar\u00f3wno w pomieszczeniach, jak i na zewn\u0105trz. Posiada metalowe oczka, kt\u00f3re u\u0142atwiaj\u0105 monta\u017c i zapewniaj\u0105, \u017ce pozostanie na swoim miejscu nawet w trudnych warunkach pogodowych. Dost\u0119pna w rozmiarze 90 x 150 cm\/35 x 59 cali dla maksymalnej widoczno\u015bci, nasza flaga spe\u0142nia r\u00f3\u017cnorodne potrzeby, niezale\u017cnie od tego, czy chcesz j\u0105 wyeksponowa\u0107 na maszcie, czy na \u015bcianie.<\/p>\n<h3>Symbol narodowy przesi\u0105kni\u0119ty histori\u0105 i znaczeniem<\/h3>\n<p>Flaga Serbii sk\u0142ada si\u0119 z trzech poziomych pas\u00f3w w kolorach czerwonym, niebieskim i bia\u0142ym, z czarnym dwug\u0142owym or\u0142em po\u015brodku. Orze\u0142 ten, symbol odziedziczony po Nemanji\u0107, \u015bredniowiecznej serbskiej dynastii, reprezentuje suwerenno\u015b\u0107 i w\u0142adz\u0119 pa\u0144stwa serbskiego. Kolory flagi - czerwony, niebieski i bia\u0142y - s\u0105 tradycyjnymi s\u0142owia\u0144skimi kolorami, przy czym czerwony symbolizuje krew przelan\u0105 za wolno\u015b\u0107, niebieski serbskie niebo, a bia\u0142y czysto\u015b\u0107 i pok\u00f3j. Dwug\u0142owy orze\u0142 dodaje wymiaru historycznej ci\u0105g\u0142o\u015bci i szacunku dla tradycji.<\/p>\n<h3>Wszechstronno\u015b\u0107 zastosowania<\/h3>\n<p>Niezale\u017cnie od tego, czy chodzi o uroczysto\u015bci pa\u0144stwowe, wydarzenia sportowe, wydarzenia kulturalne czy cele edukacyjne, serbska flaga z dwug\u0142owym or\u0142em jest odpowiednia na ka\u017cd\u0105 okazj\u0119. Solidna konstrukcja i odporne na blakni\u0119cie kolory sprawiaj\u0105, \u017ce flaga zachowuje swoje znaczenie i efekt wizualny przez d\u0142ugi czas.<\/p>","protected":false},"excerpt":{"rendered":"<p>Flaga o wymiarach 150 x 90 cm z 2 solidnymi metalowymi przelotkami do bezpiecznego zawieszenia.<\/p>","protected":false},"featured_media":1381,"comment_status":"open","ping_status":"closed","template":"","meta":{"_gspb_post_css":"","iawp_total_views":10},"product_brand":[],"product_cat":[65,58],"product_tag":[],"class_list":{"0":"post-2395","1":"product","2":"type-product","3":"status-publish","4":"has-post-thumbnail","6":"product_cat-europe-flags","7":"product_cat-country-flags","9":"first","10":"instock","11":"sale","12":"shipping-taxable","13":"purchasable","14":"product-type-simple"},"_links":{"self":[{"href":"https:\/\/cosmoflag.com\/pl\/wp-json\/wp\/v2\/product\/2395","targetHints":{"allow":["GET"]}}],"collection":[{"href":"https:\/\/cosmoflag.com\/pl\/wp-json\/wp\/v2\/product"}],"about":[{"href":"https:\/\/cosmoflag.com\/pl\/wp-json\/wp\/v2\/types\/product"}],"replies":[{"embeddable":true,"href":"https:\/\/cosmoflag.com\/pl\/wp-json\/wp\/v2\/comments?post=2395"}],"wp:featuredmedia":[{"embeddable":true,"href":"https:\/\/cosmoflag.com\/pl\/wp-json\/wp\/v2\/media\/1381"}],"wp:attachment":[{"href":"https:\/\/cosmoflag.com\/pl\/wp-json\/wp\/v2\/media?parent=2395"}],"wp:term":[{"taxonomy":"product_brand","embeddable":true,"href":"https:\/\/cosmoflag.com\/pl\/wp-json\/wp\/v2\/product_brand?post=2395"},{"taxonomy":"product_cat","embeddable":true,"href":"https:\/\/cosmoflag.com\/pl\/wp-json\/wp\/v2\/product_cat?post=2395"},{"taxonomy":"product_tag","embeddable":true,"href":"https:\/\/cosmoflag.com\/pl\/wp-json\/wp\/v2\/product_tag?post=2395"}],"curies":[{"name":"wp","href":"https:\/\/api.w.org\/{rel}","templated":true}]}}

<h3>Cechy serbskiej flagi z dwugłowym orłem</h3>
<p>Nasza flaga Serbii z dwugłowym orłem Nemanjić jest wykonana z wysokiej jakości poliestru, dzięki czemu idealnie nadaje się do długotrwałego użytkowania, zarówno w pomieszczeniach, jak i na zewnątrz. Posiada metalowe oczka, które ułatwiają montaż i zapewniają, że pozostanie na swoim miejscu nawet w trudnych warunkach pogodowych. Dostępna w rozmiarze 90 x 150 cm/35 x 59 cali dla maksymalnej widoczności, nasza flaga spełnia różnorodne potrzeby, niezależnie od tego, czy chcesz ją wyeksponować na maszcie, czy na ścianie.</p>
<h3>Symbol narodowy przesiąknięty historią i znaczeniem</h3>
<p>Flaga Serbii składa się z trzech poziomych pasów w kolorach czerwonym, niebieskim i białym, z czarnym dwugłowym orłem pośrodku. Orzeł ten, symbol odziedziczony po Nemanjić, średniowiecznej serbskiej dynastii, reprezentuje suwerenność i władzę państwa serbskiego. Kolory flagi - czerwony, niebieski i biały - są tradycyjnymi słowiańskimi kolorami, przy czym czerwony symbolizuje krew przelaną za wolność, niebieski serbskie niebo, a biały czystość i pokój. Dwugłowy orzeł dodaje wymiaru historycznej ciągłości i szacunku dla tradycji.</p>
<h3>Wszechstronność zastosowania</h3>
<p>Niezależnie od tego, czy chodzi o uroczystości państwowe, wydarzenia sportowe, wydarzenia kulturalne czy cele edukacyjne, serbska flaga z dwugłowym orłem jest odpowiednia na każdą okazję. Solidna konstrukcja i odporne na blaknięcie kolory sprawiają, że flaga zachowuje swoje znaczenie i efekt wizualny przez długi czas.</p>
