{"id":2395,"date":"2024-12-15T20:09:00","date_gmt":"2024-12-15T18:09:00","guid":{"rendered":"https:\/\/cosmoflag.com\/?post_type=product&#038;p=2395"},"modified":"2025-11-30T23:47:05","modified_gmt":"2025-11-30T21:47:05","slug":"bandera-de-serbia","status":"publish","type":"product","link":"https:\/\/cosmoflag.com\/es\/producto\/bandera-de-serbia\/","title":{"rendered":"Bandera de Serbia"},"content":{"rendered":"<h3>Caracter\u00edsticas de la bandera serbia con el \u00e1guila bic\u00e9fala<\/h3>\n<p>Nuestra bandera de Serbia con el \u00e1guila bic\u00e9fala Nemanji\u0107 est\u00e1 fabricada en poli\u00e9ster de alta calidad, por lo que es ideal para un uso duradero, tanto en interiores como en exteriores. Cuenta con ojales met\u00e1licos que facilitan su instalaci\u00f3n y garantizan que se mantenga en su sitio, incluso en condiciones meteorol\u00f3gicas adversas. Disponible en 90 x 150 cm para una m\u00e1xima visibilidad, nuestra bandera satisface una gran variedad de necesidades, tanto si desea colocarla en un m\u00e1stil como en una pared.<\/p>\n<h3>Un s\u00edmbolo nacional cargado de historia y significado<\/h3>\n<p>La bandera de Serbia presenta tres franjas horizontales de color rojo, azul y blanco, con un \u00e1guila bic\u00e9fala negra en el centro. Esta \u00e1guila, s\u00edmbolo heredado de los Nemanji\u0107, la dinast\u00eda medieval serbia, representa la soberan\u00eda y el poder del Estado serbio. Los colores de la bandera -rojo, azul y blanco- son los tradicionales eslavos: el rojo simboliza la sangre derramada por la libertad, el azul el cielo serbio y el blanco la pureza y la paz. El \u00e1guila bic\u00e9fala a\u00f1ade una dimensi\u00f3n de continuidad hist\u00f3rica y respeto por la tradici\u00f3n.<\/p>\n<h3>Versatilidad de uso<\/h3>\n<p>Ya sea para celebraciones nacionales, eventos deportivos, actos culturales o fines educativos, la bandera serbia con el \u00e1guila bic\u00e9fala es adecuada para todas las ocasiones. Su dise\u00f1o robusto y sus colores resistentes a la decoloraci\u00f3n garantizan que la bandera conserve su significado y su impacto visual con el paso del tiempo.<\/p>","protected":false},"excerpt":{"rendered":"<p>Bandera de 150 x 90 cm con 2 resistentes ojales met\u00e1licos para colgarla con seguridad.<\/p>","protected":false},"featured_media":1381,"comment_status":"open","ping_status":"closed","template":"","meta":{"_gspb_post_css":"","iawp_total_views":10},"product_brand":[],"product_cat":[65,58],"product_tag":[],"class_list":{"0":"post-2395","1":"product","2":"type-product","3":"status-publish","4":"has-post-thumbnail","6":"product_cat-europe-flags","7":"product_cat-country-flags","9":"first","10":"instock","11":"sale","12":"shipping-taxable","13":"purchasable","14":"product-type-simple"},"_links":{"self":[{"href":"https:\/\/cosmoflag.com\/es\/wp-json\/wp\/v2\/product\/2395","targetHints":{"allow":["GET"]}}],"collection":[{"href":"https:\/\/cosmoflag.com\/es\/wp-json\/wp\/v2\/product"}],"about":[{"href":"https:\/\/cosmoflag.com\/es\/wp-json\/wp\/v2\/types\/product"}],"replies":[{"embeddable":true,"href":"https:\/\/cosmoflag.com\/es\/wp-json\/wp\/v2\/comments?post=2395"}],"wp:featuredmedia":[{"embeddable":true,"href":"https:\/\/cosmoflag.com\/es\/wp-json\/wp\/v2\/media\/1381"}],"wp:attachment":[{"href":"https:\/\/cosmoflag.com\/es\/wp-json\/wp\/v2\/media?parent=2395"}],"wp:term":[{"taxonomy":"product_brand","embeddable":true,"href":"https:\/\/cosmoflag.com\/es\/wp-json\/wp\/v2\/product_brand?post=2395"},{"taxonomy":"product_cat","embeddable":true,"href":"https:\/\/cosmoflag.com\/es\/wp-json\/wp\/v2\/product_cat?post=2395"},{"taxonomy":"product_tag","embeddable":true,"href":"https:\/\/cosmoflag.com\/es\/wp-json\/wp\/v2\/product_tag?post=2395"}],"curies":[{"name":"wp","href":"https:\/\/api.w.org\/{rel}","templated":true}]}}

<h3>Características de la bandera serbia con el águila bicéfala</h3>
<p>Nuestra bandera de Serbia con el águila bicéfala Nemanjić está fabricada en poliéster de alta calidad, por lo que es ideal para un uso duradero, tanto en interiores como en exteriores. Cuenta con ojales metálicos que facilitan su instalación y garantizan que se mantenga en su sitio, incluso en condiciones meteorológicas adversas. Disponible en 90 x 150 cm para una máxima visibilidad, nuestra bandera satisface una gran variedad de necesidades, tanto si desea colocarla en un mástil como en una pared.</p>
<h3>Un símbolo nacional cargado de historia y significado</h3>
<p>La bandera de Serbia presenta tres franjas horizontales de color rojo, azul y blanco, con un águila bicéfala negra en el centro. Esta águila, símbolo heredado de los Nemanjić, la dinastía medieval serbia, representa la soberanía y el poder del Estado serbio. Los colores de la bandera -rojo, azul y blanco- son los tradicionales eslavos: el rojo simboliza la sangre derramada por la libertad, el azul el cielo serbio y el blanco la pureza y la paz. El águila bicéfala añade una dimensión de continuidad histórica y respeto por la tradición.</p>
<h3>Versatilidad de uso</h3>
<p>Ya sea para celebraciones nacionales, eventos deportivos, actos culturales o fines educativos, la bandera serbia con el águila bicéfala es adecuada para todas las ocasiones. Su diseño robusto y sus colores resistentes a la decoloración garantizan que la bandera conserve su significado y su impacto visual con el paso del tiempo.</p>

<p>Bandera de 150 x 90 cm con 2 resistentes ojales metálicos para colgarla con seguridad.</p>
