{"id":2375,"date":"2024-12-15T14:56:00","date_gmt":"2024-12-15T12:56:00","guid":{"rendered":"https:\/\/cosmoflag.com\/?post_type=product&#038;p=2375"},"modified":"2025-08-12T21:23:23","modified_gmt":"2025-08-12T19:23:23","slug":"bandera-de-albania","status":"publish","type":"product","link":"https:\/\/cosmoflag.com\/es\/producto\/bandera-de-albania\/","title":{"rendered":"Bandera de Albania"},"content":{"rendered":"<h3>Caracter\u00edsticas de la bandera albanesa<\/h3>\n<p>Nuestra bandera de Albania, reconocible por su \u00e1guila bic\u00e9fala negra sobre fondo rojo, est\u00e1 fabricada en poli\u00e9ster de alta calidad, lo que la hace ideal para un uso duradero, tanto en interiores como en exteriores. Dispone de ojales met\u00e1licos para facilitar su instalaci\u00f3n y una sujeci\u00f3n segura, incluso en condiciones meteorol\u00f3gicas adversas. Disponible en 90 x 150 cm para una m\u00e1xima visibilidad, nuestra bandera satisface una gran variedad de necesidades, tanto si desea exhibirla en un m\u00e1stil como en una pared.<\/p>\n<h3>Un s\u00edmbolo nacional cargado de historia<\/h3>\n<p>La bandera de Albania, adoptada oficialmente en 1912, luce un \u00e1guila bic\u00e9fala negra centrada sobre fondo rojo. El \u00e1guila es un antiguo s\u00edmbolo que se remonta al Imperio Bizantino y representa la soberan\u00eda y el coraje del pueblo alban\u00e9s. El color rojo simboliza el coraje, la fuerza y la valent\u00eda de los h\u00e9roes albaneses en la batalla. Esta bandera est\u00e1 profundamente arraigada en la historia nacional y representa el orgullo y la identidad nacional de Albania.<\/p>\n<h3>Versatilidad de uso<\/h3>\n<p>Ya sea para celebraciones nacionales, acontecimientos deportivos, manifestaciones pol\u00edticas o fines educativos, la bandera albanesa es adecuada para todas las ocasiones. Su dise\u00f1o robusto y sus colores resistentes a la decoloraci\u00f3n garantizan que la bandera conserve su significado y su impacto visual con el paso del tiempo.<\/p>","protected":false},"excerpt":{"rendered":"<p>Bandera de 150 x 90 cm con 2 resistentes ojales met\u00e1licos para colgarla con seguridad.<\/p>","protected":false},"featured_media":964,"comment_status":"open","ping_status":"closed","template":"","meta":{"_gspb_post_css":"","iawp_total_views":22},"product_brand":[],"product_cat":[65,58],"product_tag":[],"class_list":{"0":"post-2375","1":"product","2":"type-product","3":"status-publish","4":"has-post-thumbnail","6":"product_cat-europe-flags","7":"product_cat-country-flags","9":"first","10":"instock","11":"sale","12":"shipping-taxable","13":"purchasable","14":"product-type-simple"},"_links":{"self":[{"href":"https:\/\/cosmoflag.com\/es\/wp-json\/wp\/v2\/product\/2375","targetHints":{"allow":["GET"]}}],"collection":[{"href":"https:\/\/cosmoflag.com\/es\/wp-json\/wp\/v2\/product"}],"about":[{"href":"https:\/\/cosmoflag.com\/es\/wp-json\/wp\/v2\/types\/product"}],"replies":[{"embeddable":true,"href":"https:\/\/cosmoflag.com\/es\/wp-json\/wp\/v2\/comments?post=2375"}],"wp:featuredmedia":[{"embeddable":true,"href":"https:\/\/cosmoflag.com\/es\/wp-json\/wp\/v2\/media\/964"}],"wp:attachment":[{"href":"https:\/\/cosmoflag.com\/es\/wp-json\/wp\/v2\/media?parent=2375"}],"wp:term":[{"taxonomy":"product_brand","embeddable":true,"href":"https:\/\/cosmoflag.com\/es\/wp-json\/wp\/v2\/product_brand?post=2375"},{"taxonomy":"product_cat","embeddable":true,"href":"https:\/\/cosmoflag.com\/es\/wp-json\/wp\/v2\/product_cat?post=2375"},{"taxonomy":"product_tag","embeddable":true,"href":"https:\/\/cosmoflag.com\/es\/wp-json\/wp\/v2\/product_tag?post=2375"}],"curies":[{"name":"wp","href":"https:\/\/api.w.org\/{rel}","templated":true}]}}

<h3>Características de la bandera albanesa</h3>
<p>Nuestra bandera de Albania, reconocible por su águila bicéfala negra sobre fondo rojo, está fabricada en poliéster de alta calidad, lo que la hace ideal para un uso duradero, tanto en interiores como en exteriores. Dispone de ojales metálicos para facilitar su instalación y una sujeción segura, incluso en condiciones meteorológicas adversas. Disponible en 90 x 150 cm para una máxima visibilidad, nuestra bandera satisface una gran variedad de necesidades, tanto si desea exhibirla en un mástil como en una pared.</p>
<h3>Un símbolo nacional cargado de historia</h3>
<p>La bandera de Albania, adoptada oficialmente en 1912, luce un águila bicéfala negra centrada sobre fondo rojo. El águila es un antiguo símbolo que se remonta al Imperio Bizantino y representa la soberanía y el coraje del pueblo albanés. El color rojo simboliza el coraje, la fuerza y la valentía de los héroes albaneses en la batalla. Esta bandera está profundamente arraigada en la historia nacional y representa el orgullo y la identidad nacional de Albania.</p>
<h3>Versatilidad de uso</h3>
<p>Ya sea para celebraciones nacionales, acontecimientos deportivos, manifestaciones políticas o fines educativos, la bandera albanesa es adecuada para todas las ocasiones. Su diseño robusto y sus colores resistentes a la decoloración garantizan que la bandera conserve su significado y su impacto visual con el paso del tiempo.</p>

<p>Bandera de 150 x 90 cm con 2 resistentes ojales metálicos para colgarla con seguridad.</p>
